{"id":85,"date":"2025-06-24T09:06:02","date_gmt":"2025-06-24T09:06:02","guid":{"rendered":"https:\/\/www.thewedgifts.com\/?page_id=85"},"modified":"2025-09-30T08:31:10","modified_gmt":"2025-09-30T08:31:10","slug":"sik-sorulan-sorular","status":"publish","type":"page","link":"https:\/\/www.thewedgifts.com\/?page_id=85","title":{"rendered":"S\u0131k Sorulan Sorular"},"content":{"rendered":"\n<div class=\"wp-block-uagb-info-box uagb-block-a1cb96c8 uagb-infobox__content-wrap  uagb-infobox-icon-above-title uagb-infobox-image-valign-top\"><div class=\"uagb-ifb-content\"><div class=\"uagb-ifb-title-wrap\"><h3 class=\"uagb-ifb-title\">Merak Ettikleriniz<\/h3><\/div><p class=\"uagb-ifb-desc\"><br><strong>\ud83e\udd0f\ud83c\udffc<\/strong> <strong>Minimum sipari\u015f adedi nedir?<\/strong><br>Minimum sipari\u015f adedi 50 adettir. Her \u00fcr\u00fcn ki\u015fiye ve konsepte \u00f6zel olarak tasarland\u0131\u011f\u0131 i\u00e7in daha az say\u0131da \u00fcretim yap\u0131lmamaktad\u0131r.<br><br><strong>\ud83d\udc9d<\/strong> <strong>\u00dcr\u00fcnlerin paketlemesi nas\u0131l?<\/strong><br>Bardak altl\u0131klar\u0131n\u0131n \u00fczerinde isimli etiketler mevcuttur. Yine konsepte uygun \u015fekilde organizasyon sahipleriyle birlikte teyitle\u015ferek tasarlanmaktad\u0131r.<br>\u00a0<br><strong>\u23f1\ufe0f<\/strong> <strong>Teslim s\u00fcresi ne kadar?<\/strong><br>Sipari\u015f onay\u0131 ve tasar\u0131m detaylar\u0131n\u0131n netle\u015fmesi itibariyle yo\u011funluk durumuna ba\u011fl\u0131 olarak <strong>15-20 i\u015f g\u00fcn\u00fc<\/strong> aras\u0131nda haz\u0131rlanmaktad\u0131r.<br> \u00a0<br><strong>\ud83c\udfa8<\/strong> <strong>Tasar\u0131m\u0131 ben belirleyebilir miyim?<\/strong><br>Evet! Renk, isim, tarih, k\u0131sa mesaj gibi detaylar\u0131 sizinle birlikte belirliyoruz. Dilerseniz tamamen sizin belirledi\u011finiz bir konsepte g\u00f6re ilerleyebiliyor, dilerseniz ise be\u011fendi\u011finiz konseptlere g\u00f6re size \u00f6zel \u00f6neriler sunabiliyoruz.<br><br><strong>\ud83e\udea9<\/strong> <strong>Hangi etkinlikler i\u00e7in uygundur?<\/strong><br>D\u00fc\u011f\u00fcn, ni\u015fan, baby shower, do\u011fum g\u00fcn\u00fc, kurumsal etkinlikler, kurumsal \u00f6zel g\u00fcn paketleri, y\u0131lba\u015f\u0131 partileri gibi pek \u00e7ok \u00f6zel g\u00fcn i\u00e7in kullan\u0131labilir. Hem hediyelik hem de masa \u00fcst\u00fc dekoru olarak olduk\u00e7a tercih edilen ve sevilen bir alternatif.<br><br><strong>\ud83d\ude9a Kargo s\u00fcreci nas\u0131l i\u015fliyor?<\/strong><br>\u0130stanbul i\u00e7in, Kad\u0131k\u00f6y b\u00f6lgesinde elden teslim al\u0131nmas\u0131n\u0131 rica ediyoruz. \u0130stanbul d\u0131\u015f\u0131 sipari\u015fler i\u00e7in, T\u00fcrkiye\u2019nin her yerine g\u00f6nderim yapabiliyoruz. Kargo \u00fccreti al\u0131c\u0131ya aittir ve sipari\u015f miktar\u0131na g\u00f6re de\u011fi\u015fiklik g\u00f6sterebilmektedir.\u00a0<br><br><strong>\ud83d\uded2 Farkl\u0131 tasar\u0131mlar bir arada yap\u0131labilir mi?<\/strong><br>Evet, toplam sipari\u015f miktar\u0131n\u0131z 50 adeti ge\u00e7mek ko\u015fuluyla, birden fazla farkl\u0131 tasar\u0131m\u0131 ayn\u0131 sipari\u015f i\u00e7inde kullanabilirsiniz.<br><br>\ud83d\udcaa\ud83c\udffc <strong>Seramik altl\u0131klar\u0131n alt\u0131 nas\u0131l? Y\u00fczeye hasar verir mi?<\/strong><br>\u00dcr\u00fcnlerin alt k\u0131sm\u0131 kaymay\u0131 ve y\u00fczey \u00e7izilmelerini \u00f6nlemek amac\u0131yla ke\u00e7e ya da s\u00fcet materyal ile kapl\u0131d\u0131r. G\u00fcvenle kullan\u0131labilir.<br><br><strong>\ud83d\udcaa\ud83c\udffc<\/strong> <strong>Is\u0131ya veya neme dayan\u0131kl\u0131 m\u0131?<\/strong><br>Seramik bardak altl\u0131klar\u0131m\u0131z\u00a0i\u00e7 mekan \u00fcr\u00fcn\u00fcd\u00fcr, d\u0131\u015f mekanda kullan\u0131lmas\u0131 \u00f6nerilmez. Suya ve nemli ortamlara kar\u015f\u0131 son derece dayan\u0131kl\u0131d\u0131r. D\u00fc\u015fmedi\u011fi s\u00fcrece herhangi bir solma, \u00e7izilme vs gibi zamana ba\u011fl\u0131 y\u0131pranmalar olmaz. Y\u00fcksek derece s\u0131cakl\u0131\u011fa girmemelidir.<\/p><\/div><\/div>\n","protected":false},"excerpt":{"rendered":"","protected":false},"author":1,"featured_media":91,"parent":0,"menu_order":0,"comment_status":"closed","ping_status":"closed","template":"","meta":{"_uag_custom_page_level_css":"","footnotes":""},"class_list":["post-85","page","type-page","status-publish","has-post-thumbnail","hentry"],"yoast_head":"<!-- This site is optimized with the Yoast SEO plugin v25.3.1 - https:\/\/yoast.com\/wordpress\/plugins\/seo\/ -->\n<title>S\u0131k Sorulan Sorular - The Wed Gifts<\/title>\n<meta name=\"robots\" content=\"index, follow, max-snippet:-1, max-image-preview:large, max-video-preview:-1\" \/>\n<link rel=\"canonical\" href=\"https:\/\/www.thewedgifts.com\/?page_id=85\" \/>\n<meta property=\"og:locale\" content=\"tr_TR\" \/>\n<meta property=\"og:type\" content=\"article\" \/>\n<meta property=\"og:title\" content=\"S\u0131k Sorulan Sorular - The Wed Gifts\" \/>\n<meta property=\"og:url\" content=\"https:\/\/www.thewedgifts.com\/?page_id=85\" \/>\n<meta property=\"og:site_name\" content=\"The Wed Gifts\" \/>\n<meta property=\"article:publisher\" content=\"https:\/\/www.instagram.com\/thewedgifts\/\" \/>\n<meta property=\"article:modified_time\" content=\"2025-09-30T08:31:10+00:00\" \/>\n<meta property=\"og:image\" content=\"https:\/\/www.thewedgifts.com\/wp-content\/uploads\/2025\/06\/Nil-Vardar-Us-The-Wed.jpeg\" \/>\n\t<meta property=\"og:image:width\" content=\"1280\" \/>\n\t<meta property=\"og:image:height\" content=\"881\" \/>\n\t<meta property=\"og:image:type\" content=\"image\/jpeg\" \/>\n<meta name=\"twitter:card\" content=\"summary_large_image\" \/>\n<meta name=\"twitter:label1\" content=\"Tahmini okuma s\u00fcresi\" \/>\n\t<meta name=\"twitter:data1\" content=\"2 dakika\" \/>\n<script type=\"application\/ld+json\" class=\"yoast-schema-graph\">{\"@context\":\"https:\/\/schema.org\",\"@graph\":[{\"@type\":\"WebPage\",\"@id\":\"https:\/\/www.thewedgifts.com\/?page_id=85\",\"url\":\"https:\/\/www.thewedgifts.com\/?page_id=85\",\"name\":\"S\u0131k Sorulan Sorular - The Wed Gifts\",\"isPartOf\":{\"@id\":\"https:\/\/www.thewedgifts.com\/#website\"},\"primaryImageOfPage\":{\"@id\":\"https:\/\/www.thewedgifts.com\/?page_id=85#primaryimage\"},\"image\":{\"@id\":\"https:\/\/www.thewedgifts.com\/?page_id=85#primaryimage\"},\"thumbnailUrl\":\"https:\/\/www.thewedgifts.com\/wp-content\/uploads\/2025\/06\/Nil-Vardar-Us-The-Wed.jpeg\",\"datePublished\":\"2025-06-24T09:06:02+00:00\",\"dateModified\":\"2025-09-30T08:31:10+00:00\",\"breadcrumb\":{\"@id\":\"https:\/\/www.thewedgifts.com\/?page_id=85#breadcrumb\"},\"inLanguage\":\"tr\",\"potentialAction\":[{\"@type\":\"ReadAction\",\"target\":[\"https:\/\/www.thewedgifts.com\/?page_id=85\"]}]},{\"@type\":\"ImageObject\",\"inLanguage\":\"tr\",\"@id\":\"https:\/\/www.thewedgifts.com\/?page_id=85#primaryimage\",\"url\":\"https:\/\/www.thewedgifts.com\/wp-content\/uploads\/2025\/06\/Nil-Vardar-Us-The-Wed.jpeg\",\"contentUrl\":\"https:\/\/www.thewedgifts.com\/wp-content\/uploads\/2025\/06\/Nil-Vardar-Us-The-Wed.jpeg\",\"width\":1280,\"height\":881,\"caption\":\"Nil_Vardar_Us_The_Wed\"},{\"@type\":\"BreadcrumbList\",\"@id\":\"https:\/\/www.thewedgifts.com\/?page_id=85#breadcrumb\",\"itemListElement\":[{\"@type\":\"ListItem\",\"position\":1,\"name\":\"Anasayfa\",\"item\":\"https:\/\/www.thewedgifts.com\/\"},{\"@type\":\"ListItem\",\"position\":2,\"name\":\"S\u0131k Sorulan Sorular\"}]},{\"@type\":\"WebSite\",\"@id\":\"https:\/\/www.thewedgifts.com\/#website\",\"url\":\"https:\/\/www.thewedgifts.com\/\",\"name\":\"thewedgifts\",\"description\":\"\u00d6zel Tasar\u0131m Seramik Bardak Altl\u0131\u011f\u0131 | since 2024 with love\",\"publisher\":{\"@id\":\"https:\/\/www.thewedgifts.com\/#organization\"},\"potentialAction\":[{\"@type\":\"SearchAction\",\"target\":{\"@type\":\"EntryPoint\",\"urlTemplate\":\"https:\/\/www.thewedgifts.com\/?s={search_term_string}\"},\"query-input\":{\"@type\":\"PropertyValueSpecification\",\"valueRequired\":true,\"valueName\":\"search_term_string\"}}],\"inLanguage\":\"tr\"},{\"@type\":\"Organization\",\"@id\":\"https:\/\/www.thewedgifts.com\/#organization\",\"name\":\"thewedgifts\",\"url\":\"https:\/\/www.thewedgifts.com\/\",\"logo\":{\"@type\":\"ImageObject\",\"inLanguage\":\"tr\",\"@id\":\"https:\/\/www.thewedgifts.com\/#\/schema\/logo\/image\/\",\"url\":\"https:\/\/www.thewedgifts.com\/wp-content\/uploads\/2025\/06\/cropped-thewedgifts_logo.png\",\"contentUrl\":\"https:\/\/www.thewedgifts.com\/wp-content\/uploads\/2025\/06\/cropped-thewedgifts_logo.png\",\"width\":865,\"height\":790,\"caption\":\"thewedgifts\"},\"image\":{\"@id\":\"https:\/\/www.thewedgifts.com\/#\/schema\/logo\/image\/\"},\"sameAs\":[\"https:\/\/www.instagram.com\/thewedgifts\/\"]}]}<\/script>\n<!-- \/ Yoast SEO plugin. -->","yoast_head_json":{"title":"S\u0131k Sorulan Sorular - The Wed Gifts","robots":{"index":"index","follow":"follow","max-snippet":"max-snippet:-1","max-image-preview":"max-image-preview:large","max-video-preview":"max-video-preview:-1"},"canonical":"https:\/\/www.thewedgifts.com\/?page_id=85","og_locale":"tr_TR","og_type":"article","og_title":"S\u0131k Sorulan Sorular - The Wed Gifts","og_url":"https:\/\/www.thewedgifts.com\/?page_id=85","og_site_name":"The Wed Gifts","article_publisher":"https:\/\/www.instagram.com\/thewedgifts\/","article_modified_time":"2025-09-30T08:31:10+00:00","og_image":[{"width":1280,"height":881,"url":"https:\/\/www.thewedgifts.com\/wp-content\/uploads\/2025\/06\/Nil-Vardar-Us-The-Wed.jpeg","type":"image\/jpeg"}],"twitter_card":"summary_large_image","twitter_misc":{"Tahmini okuma s\u00fcresi":"2 dakika"},"schema":{"@context":"https:\/\/schema.org","@graph":[{"@type":"WebPage","@id":"https:\/\/www.thewedgifts.com\/?page_id=85","url":"https:\/\/www.thewedgifts.com\/?page_id=85","name":"S\u0131k Sorulan Sorular - The Wed Gifts","isPartOf":{"@id":"https:\/\/www.thewedgifts.com\/#website"},"primaryImageOfPage":{"@id":"https:\/\/www.thewedgifts.com\/?page_id=85#primaryimage"},"image":{"@id":"https:\/\/www.thewedgifts.com\/?page_id=85#primaryimage"},"thumbnailUrl":"https:\/\/www.thewedgifts.com\/wp-content\/uploads\/2025\/06\/Nil-Vardar-Us-The-Wed.jpeg","datePublished":"2025-06-24T09:06:02+00:00","dateModified":"2025-09-30T08:31:10+00:00","breadcrumb":{"@id":"https:\/\/www.thewedgifts.com\/?page_id=85#breadcrumb"},"inLanguage":"tr","potentialAction":[{"@type":"ReadAction","target":["https:\/\/www.thewedgifts.com\/?page_id=85"]}]},{"@type":"ImageObject","inLanguage":"tr","@id":"https:\/\/www.thewedgifts.com\/?page_id=85#primaryimage","url":"https:\/\/www.thewedgifts.com\/wp-content\/uploads\/2025\/06\/Nil-Vardar-Us-The-Wed.jpeg","contentUrl":"https:\/\/www.thewedgifts.com\/wp-content\/uploads\/2025\/06\/Nil-Vardar-Us-The-Wed.jpeg","width":1280,"height":881,"caption":"Nil_Vardar_Us_The_Wed"},{"@type":"BreadcrumbList","@id":"https:\/\/www.thewedgifts.com\/?page_id=85#breadcrumb","itemListElement":[{"@type":"ListItem","position":1,"name":"Anasayfa","item":"https:\/\/www.thewedgifts.com\/"},{"@type":"ListItem","position":2,"name":"S\u0131k Sorulan Sorular"}]},{"@type":"WebSite","@id":"https:\/\/www.thewedgifts.com\/#website","url":"https:\/\/www.thewedgifts.com\/","name":"thewedgifts","description":"\u00d6zel Tasar\u0131m Seramik Bardak Altl\u0131\u011f\u0131 | since 2024 with love","publisher":{"@id":"https:\/\/www.thewedgifts.com\/#organization"},"potentialAction":[{"@type":"SearchAction","target":{"@type":"EntryPoint","urlTemplate":"https:\/\/www.thewedgifts.com\/?s={search_term_string}"},"query-input":{"@type":"PropertyValueSpecification","valueRequired":true,"valueName":"search_term_string"}}],"inLanguage":"tr"},{"@type":"Organization","@id":"https:\/\/www.thewedgifts.com\/#organization","name":"thewedgifts","url":"https:\/\/www.thewedgifts.com\/","logo":{"@type":"ImageObject","inLanguage":"tr","@id":"https:\/\/www.thewedgifts.com\/#\/schema\/logo\/image\/","url":"https:\/\/www.thewedgifts.com\/wp-content\/uploads\/2025\/06\/cropped-thewedgifts_logo.png","contentUrl":"https:\/\/www.thewedgifts.com\/wp-content\/uploads\/2025\/06\/cropped-thewedgifts_logo.png","width":865,"height":790,"caption":"thewedgifts"},"image":{"@id":"https:\/\/www.thewedgifts.com\/#\/schema\/logo\/image\/"},"sameAs":["https:\/\/www.instagram.com\/thewedgifts\/"]}]}},"uagb_featured_image_src":{"full":["https:\/\/www.thewedgifts.com\/wp-content\/uploads\/2025\/06\/Nil-Vardar-Us-The-Wed.jpeg",1280,881,false],"thumbnail":["https:\/\/www.thewedgifts.com\/wp-content\/uploads\/2025\/06\/Nil-Vardar-Us-The-Wed-150x150.jpeg",150,150,true],"medium":["https:\/\/www.thewedgifts.com\/wp-content\/uploads\/2025\/06\/Nil-Vardar-Us-The-Wed-300x206.jpeg",300,206,true],"medium_large":["https:\/\/www.thewedgifts.com\/wp-content\/uploads\/2025\/06\/Nil-Vardar-Us-The-Wed-768x529.jpeg",768,529,true],"large":["https:\/\/www.thewedgifts.com\/wp-content\/uploads\/2025\/06\/Nil-Vardar-Us-The-Wed-1024x705.jpeg",1024,705,true],"1536x1536":["https:\/\/www.thewedgifts.com\/wp-content\/uploads\/2025\/06\/Nil-Vardar-Us-The-Wed.jpeg",1280,881,false],"2048x2048":["https:\/\/www.thewedgifts.com\/wp-content\/uploads\/2025\/06\/Nil-Vardar-Us-The-Wed.jpeg",1280,881,false]},"uagb_author_info":{"display_name":"thewedgifts","author_link":"https:\/\/www.thewedgifts.com\/?author=1"},"uagb_comment_info":0,"uagb_excerpt":null,"_links":{"self":[{"href":"https:\/\/www.thewedgifts.com\/index.php?rest_route=\/wp\/v2\/pages\/85","targetHints":{"allow":["GET"]}}],"collection":[{"href":"https:\/\/www.thewedgifts.com\/index.php?rest_route=\/wp\/v2\/pages"}],"about":[{"href":"https:\/\/www.thewedgifts.com\/index.php?rest_route=\/wp\/v2\/types\/page"}],"author":[{"embeddable":true,"href":"https:\/\/www.thewedgifts.com\/index.php?rest_route=\/wp\/v2\/users\/1"}],"replies":[{"embeddable":true,"href":"https:\/\/www.thewedgifts.com\/index.php?rest_route=%2Fwp%2Fv2%2Fcomments&post=85"}],"version-history":[{"count":4,"href":"https:\/\/www.thewedgifts.com\/index.php?rest_route=\/wp\/v2\/pages\/85\/revisions"}],"predecessor-version":[{"id":342,"href":"https:\/\/www.thewedgifts.com\/index.php?rest_route=\/wp\/v2\/pages\/85\/revisions\/342"}],"wp:featuredmedia":[{"embeddable":true,"href":"https:\/\/www.thewedgifts.com\/index.php?rest_route=\/wp\/v2\/media\/91"}],"wp:attachment":[{"href":"https:\/\/www.thewedgifts.com\/index.php?rest_route=%2Fwp%2Fv2%2Fmedia&parent=85"}],"curies":[{"name":"wp","href":"https:\/\/api.w.org\/{rel}","templated":true}]}}